7 prime?
True
Is 4960259 a prime number?
True
Is 611326 a prime number?
False
Is 15399094 prime?
False
Is 25710011 a prime number?
True
Is 54587411 prime?
True
Is 20451959 prime?
False
Is 23400067 a composite number?
False
Is 47073647 prime?
True
Is 85240513 a prime number?
True
Is 16343279 a composite number?
False
Is 158563091 a composite number?
False
Is 73073233 prime?
True
Is 14908837 prime?
True
Is 383269141 composite?
False
Is 970622 a prime number?
False
Is 55372841 a prime number?
True
Is 163090831 prime?
False
Is 729271 composite?
False
Is 313983715 a prime number?
False
Is 5074493 composite?
True
Is 1129961777 composite?
True
Is 1707133 a composite number?
True
Is 2408701 prime?
False
Is 191957879 a composite number?
False
Is 44828605 composite?
True
Is 68093027 a composite number?
False
Is 1328693 a prime number?
False
Is 1877657 prime?
False
Is 30757 prime?
True
Is 560914493 a composite number?
False
Is 3571879 a prime number?
False
Is 600719 composite?
True
Is 10722927 a composite number?
True
Is 30488519 prime?
True
Is 183031907 a prime number?
False
Is 207223151 prime?
True
Is 67885 prime?
False
Is 31584041 composite?
True
Is 21535091 prime?
True
Is 18094799 prime?
True
Is 1651889 composite?
True
Is 330431099 a composite number?
False
Is 11934317 a composite number?
True
Is 3673069 composite?
False
Is 1407709 a prime number?
True
Is 62342923 a composite number?
False
Is 211704235 a prime number?
False
Is 22422749 prime?
False
Is 10452251 composite?
False
Is 115096903 a composite number?
True
Is 142463267 a prime number?
True
Is 43600673 a composite number?
False
Is 63678629 prime?
False
Is 196198987 composite?
True
Is 3782587 composite?
True
Is 6445381 a composite number?
False
Is 120121 prime?
True
Is 1020329 prime?
True
Is 92811847 a composite number?
True
Is 13550347 a prime number?
True
Is 413207 a composite number?
False
Is 1656443 prime?
False
Is 227291 a prime number?
False
Is 6092041 a prime number?
True
Is 54361163 a composite number?
True
Is 1348751 prime?
False
Is 18364459 a composite number?
True
Is 12705533 a prime number?
False
Is 4021681 prime?
False
Is 6855685 composite?
True
Is 47054429 a composite number?
True
Is 35134235 prime?
False
Is 2178937 composite?
False
Is 24548861 composite?
False
Is 265361 a prime number?
False
Is 3705673 composite?
True
Is 443983 a composite number?
False
Is 711394 a prime number?
False
Is 13147841 a prime number?
False
Is 285013499 a composite number?
True
Is 2121323 composite?
False
Is 6460681 prime?
False
Is 3500111 a composite number?
False
Is 17738863 prime?
True
Is 3167747 a prime number?
False
Is 36824819 prime?
True
Is 27270713 a prime number?
False
Is 64192813 prime?
True
Is 27821851 prime?
True
Is 6639769 prime?
True
Is 436081 prime?
True
Is 1132804651 a composite number?
True
Is 455936317 composite?
False
Is 2251807 a prime number?
True
Is 17135645 a prime number?
False
Is 19329413 prime?
False
Is 2962861 composite?
True
Is 7352431 prime?
True
Is 5259761 composite?
True
Is 14806046 a composite number?
True
Is 40486847 a prime number?
False
Is 39062381 prime?
False
Is 37693741 composite?
False
Is 233301329 prime?
True
Is 12733505 composite?
True
Is 439651 prime?
False
Is 63416231 a composite number?
False
Is 78043687 a composite number?
False
Is 351529 prime?
True
Is 585199 composite?
False
Is 15703507 prime?
False
Is 171687931 a prime number?
True
Is 35563603 a prime number?
False
Is 94884033 prime?
False
Is 185417 prime?
False
Is 30341053 composite?
False
Is 607214527 a prime number?
True
Is 195221703 a composite number?
True
Is 4044641 a prime number?
True
Is 46369229 composite?
False
Is 25130419 prime?
True
Is 141771887 a composite number?
False
Is 14852065 a prime number?
False
Is 54863639 a prime number?
False
Is 166393853 a prime number?
True
Is 275522269 a prime number?
False
Is 44623049 a prime number?
True
Is 555007263 prime?
False
Is 758083 a composite number?
False
Is 15108151 a prime number?
False
Is 8855183 composite?
False
Is 139395199 prime?
False
Is 3374599 a composite number?
False
Is 94657529 a composite number?
False
Is 2248703 a composite number?
False
Is 50266537 composite?
True
Is 1382313 a composite number?
True
Is 530489 a prime number?
False
Is 7869077 a prime number?
True
Is 1775981 a prime number?
True
Is 672554977 a prime number?
True
Is 457693 composite?
True
Is 18008989 prime?
True
Is 5613973 a composite number?
True
Is 748633 a composite number?
False
Is 7006859 prime?
False
Is 565637 a prime number?
True
Is 42037283 prime?
True
Is 7654441 a composite number?
False
Is 324561707 a composite number?
True
Is 117767029 a prime number?
True
Is 382484929 prime?
True
Is 56402 a composite number?
True
Is 49550327 prime?
False
Is 9385271 a composite number?
True
Is 232433 prime?
True
Is 108057347 prime?
True
Is 1555979 composite?
True
Is 45477455 prime?
False
Is 114267551 a prime number?
True
Is 35416747 a composite number?
False
Is 378019 a prime number?
True
Is 5715134 a prime number?
False
Is 3635689 a composite number?
False
Is 4307287 composite?
False
Is 58966643 composite?
False
Is 149851841 a prime number?
False
Is 88149323 a composite number?
False
Is 6892723 prime?
False
Is 306457 a composite number?
False
Is 94026587 composite?
True
Is 144901 prime?
False
Is 17515901 a composite number?
True
Is 788119 a composite number?
True
Is 4364909 a composite number?
False
Is 4977953 prime?
True
Is 113969189 a prime number?
True
Is 2831365 composite?
True
Is 109520471 a composite number?
True
Is 2830253 prime?
False
Is 3977333 a prime number?
False
Is 366372581 prime?
True
Is 112689223 a prime number?
True
Is 3944183 composite?
False
Is 377173682 a composite number?
True
Is 14400629 prime?
True
Is 93729373 composite?
False
Is 3403255 a composite number?
True
Is 39481763 composite?
False
Is 16709989 a composite number?
False
Is 31570094 prime?
False
Is 2417577 a composite number?
True
Is 4218131 composite?
True
Is 1285969 prime?
True
Is 391654759 a prime number?
False
Is 32685223 a prime number?
False
Is 5978327 a prime number?
False
Is 618671 a composite number?
False
Is 183404113 a composite number?
False
Is 71749507 a prime number?
False
Is 39080827 a composite number?
False
Is 18409783 prime?
False
Is 6735271 composite?
False
Is 192485353 prime?
True
Is 235982531 a composite number?
False
Is 2131127 composite?
False
Is 9086191 a composite number?
False
Is 47637493 composite?
False
Is 29216329 a composite number?
True
Is 23794955 prime?
False
Is 111574509 prime?
False
Is 13494619 composite?
False
Is 45289753 a composite number?
False
Is 63809573 a prime number?
True
Is 336471331 a prime number?
False
Is 28984463 composite?
False
Is 6452462 a prime number?
False
Is 28560919 a composite number?
True
Is 2878679 a prime number?
True
Is 186662393 prime?
False
Is 95559707 a composite number?
False
Is 9157387 composite?
False
Is 107775881 prime?
True
Is 347072618 composite?
True
Is 3354029 composite?
True
Is 11210861 a composite number?
False
Is 231926 composite?
True
Is 315102749 a prime number?
False
Is 31648027 prime?
True
Is 987143 a composite number?
False
Is 287335171 a prime number?
True
Is 1514171 a composite number?
True
Is 4900333 a prime number?
False
Is 231541 composite?
True
Is 4842373 a prime number?
False
Is 542107 a composite number?
True
Is 61796359 prime?
True
Is 242946227 composite?
True
Is 925339 prime?
True
Is 1120073 a prime number?
True
Is 882517 a composite number?
False
Is 954609 a composite number?
True
Is 903629 a composite number?
True
Is 14919943 prime?
True
Is 20680199 a prime number?
True
Is 9660655 composite?
True
Is 1001911 a prime number?
True
Is 4796891 a composite number?
True
Is 329059 a prime number?
True
Is 4436111 prime?
True
Is 1459517 a prime number?
True
Is 19046879 a composite number?
False
Is 1638251 a prime number?
True
Is 908477 a prime number?
False
Is 38401583 a composite number?
True
Is 3893717 a prime number?
False
Is 25806271 a prime number?
False
Is 252797219 prime?
False
Is 354077 a prime number?
False
Is 20619941 a prime number?
False
Is 35970581 a composite number?
False
Is 18718433 a composite number?
False
Is 10773797 a prime number?
True
Is 616377257 prime?
False
Is 204341441 prime?
True
Is 1